ase 10, what is 4 + -6?
-2
In base 16, what is 61 - -8?
69
In base 9, what is 1725 - 5?
1720
In base 9, what is -131 + -3?
-134
In base 7, what is 2 + -33120?
-33115
In base 9, what is 2 + 48?
51
In base 3, what is -210210 + -120?
-211100
In base 6, what is -144 + -14?
-202
In base 14, what is -1 - -1a?
19
In base 13, what is -416 - 1?
-417
In base 7, what is -53 - -42?
-11
In base 10, what is 756 + -6?
750
In base 13, what is 1a0 + -1?
19c
In base 13, what is 27 + 5?
2c
In base 5, what is 32 + -103?
-21
In base 12, what is -4 + -6b?
-73
In base 5, what is -1122 + 10?
-1112
In base 8, what is 36503 + 2?
36505
In base 16, what is 31 + -4?
2d
In base 10, what is 5 - -145?
150
In base 6, what is 1255 + 5?
1304
In base 5, what is 32 - 12404?
-12322
In base 4, what is 223 - -332?
1221
In base 9, what is -12 + 415?
403
In base 12, what is -781 + 17?
-766
In base 12, what is 36 - -14?
4a
In base 3, what is -112222222 - 1?
-120000000
In base 13, what is 240b + 7?
2415
In base 15, what is 10 - -75?
85
In base 7, what is -114 - -10?
-104
In base 4, what is 3012010 + -11?
3011333
In base 13, what is -180 + -4?
-184
In base 6, what is 233 - -2?
235
In base 5, what is -2 + -110421?
-110423
In base 8, what is 2042 - 2?
2040
In base 2, what is 1010000101 + 1000?
1010001101
In base 16, what is -6e + 0?
-6e
In base 11, what is -132 - -6?
-127
In base 12, what is -3 + -52?
-55
In base 7, what is 5 + -152?
-144
In base 2, what is 1000011 - -10101?
1011000
In base 7, what is 13 - -20?
33
In base 7, what is -3131 + 3?
-3125
In base 4, what is 3 - -21332?
22001
In base 5, what is 0 - 101233?
-101233
In base 8, what is 1 + 45?
46
In base 9, what is -208 - 4?
-213
In base 7, what is 5 + 46?
54
In base 5, what is 3123 - 4?
3114
In base 14, what is b - -18?
25
In base 9, what is -4 + -1?
-5
In base 15, what is -ad - -11?
-9c
In base 4, what is 313 + -2?
311
In base 10, what is 44 + -165?
-121
In base 7, what is -1205 + 2?
-1203
In base 14, what is c1d + -1?
c1c
In base 13, what is 2 - 79?
-77
In base 15, what is 9 + 79?
83
In base 11, what is 2 - 1aa8?
-1aa6
In base 3, what is 1120120 - -2?
1120122
In base 9, what is -1608 - -3?
-1605
In base 6, what is -5 - 122?
-131
In base 13, what is -127 + -2?
-129
In base 10, what is -4 + 284?
280
In base 6, what is -2125 + 5?
-2120
In base 9, what is -4 + 103?
88
In base 4, what is -110 + 1?
-103
In base 8, what is -17 - 41?
-60
In base 16, what is -de - 2?
-e0
In base 4, what is 10 - 2032?
-2022
In base 5, what is -1 + -11030?
-11031
In base 10, what is -1 + -621?
-622
In base 10, what is 0 + -9?
-9
In base 7, what is -4 - -25?
21
In base 14, what is -a + 72a?
720
In base 2, what is 10110 + 100?
11010
In base 5, what is -1202311 - -3?
-1202303
In base 15, what is -a - c?
-17
In base 5, what is -11030 - -10?
-11020
In base 10, what is -4 + 216?
212
In base 5, what is 32 + 1241?
1323
In base 8, what is -2 - 1662?
-1664
In base 4, what is 2123 - 30?
2033
In base 15, what is d5 - 1?
d4
In base 16, what is 1 - 2bb?
-2ba
In base 10, what is 1027 - -3?
1030
In base 3, what is -21002 - 1?
-21010
In base 10, what is 4 + -3391?
-3387
In base 3, what is 2001100 - -10?
2001110
In base 5, what is 21 + 113?
134
In base 8, what is -13 + -37?
-52
In base 2, what is -100 - -110011010011?
110011001111
In base 14, what is -2 - -d6?
d4
In base 16, what is -2ef9 - 4?
-2efd
In base 9, what is -1 + -1?
-2
In base 10, what is -1631 + -5?
-1636
In base 12, what is -36 + -1a?
-54
In base 5, what is 142 + -431?
-234
In base 16, what is 1b - -1?
1c
In base 14, what is -12 + -7a?
-8c
In base 5, what is 203 + 33?
241
In base 7, what is 155 + 15?
203
In base 5, what is -41 + 413?
322
In base 10, what is -3 - -58?
55
In base 14, what is 47d3 - -5?
47d8
In base 14, what is -1 + 1a3?
1a2
In base 15, what is 24 + 2?
26
In base 4, what is 21312 + 33?
22011
In base 7, what is -6126 + -2?
-6131
In base 15, what is 1ab5 + 2?
1ab7
In base 8, what is -3 + -2466?
-2471
In base 8, what is -2 + 3072?
3070
In base 13, what is 7c9 - -4?
800
In base 8, what is 17 - 13?
4
In base 7, what is 3525 - -26?
3554
In base 4, what is 2 + -220230?
-220222
In base 15, what is 1 - 90?
-8e
In base 14, what is 11c + -4?
118
In base 7, what is -1400 - -41?
-1326
In base 10, what is 1 - -14?
15
In base 16, what is -a + -8?
-12
In base 15, what is 19e - -1?
1a0
In base 11, what is -9461 - 5?
-9466
In base 10, what is 217 - 1?
216
In base 14, what is -641 - -3?
-63c
In base 5, what is -12 - 301?
-313
In base 3, what is 0 + 1021?
1021
In base 7, what is -40 - -10?
-30
In base 2, what is 1101110110 - 101?
1101110001
In base 16, what is 1e + 92?
b0
In base 5, what is 10 + 300?
310
In base 13, what is -24 + 49?
25
In base 7, what is -1263 - -101?
-1162
In base 11, what is 0 - -63?
63
In base 6, what is -205 + -252?
-501
In base 5, what is 0 + 241?
241
In base 2, what is -1110110 + 100?
-1110010
In base 14, what is -5b - -37?
-24
In base 14, what is 0 + -9?
-9
In base 13, what is 16 - 59?
-43
In base 14, what is -244d + 2?
-244b
In base 15, what is 3 + e?
12
In base 14, what is 276 - 8?
26c
In base 8, what is 5357 - -5?
5364
In base 4, what is -10 - 1223?
-1233
In base 12, what is 0 - 165?
-165
In base 15, what is -285 + 5?
-280
In base 7, what is 4 - 3?
1
In base 13, what is 0 + -37b?
-37b
In base 12, what is 156 + -4?
152
In base 9, what is -1 + -14?
-15
In base 4, what is 1331 + -3?
1322
In base 14, what is 101 - -4?
105
In base 14, what is 2 - 42?
-40
In base 16, what is 1 + 699?
69a
In base 10, what is 15 - 2?
13
In base 8, what is 6 - -6?
14
In base 14, what is -48 + -7?
-51
In base 14, what is -5863 - -1?
-5862
In base 12, what is 3 - -9?
10
In base 2, what is -11 - -1001110?
1001011
In base 14, what is -10ba + -5?
-10c1
In base 7, what is -65 - 5?
-103
In base 11, what is 33a + 14?
353
In base 8, what is 43 + 41?
104
In base 7, what is -30 - -5?
-22
In base 2, what is 100 - 111011?
-110111
In base 10, what is 0 - -63?
63
In base 14, what is -3c5 + -1?
-3c6
In base 12, what is -6 + 2?
-4
In base 16, what is -4 - 0?
-4
In base 10, what is 201 + 5?
206
In base 4, what is 10 - -2110?
2120
In base 16, what is -1c + 5?
-17
In base 11, what is 2191 - 4?
2188
In base 10, what is 6 - 6?
0
In base 5, what is -200 - 2?
-202
In base 5, what is 2 - 2014?
-2012
In base 10, what is 29 + -20?
9
In base 10, what is 3 + -559?
-556
In base 3, what is -222 - -10?
-212
In base 11, what is -7 + -9?
-15
In base 15, what is -3 - -38b?
388
In base 11, what is -542a - -2?
-5428
In base 6, what is 122 + -15?
103
In base 6, what is 42 - -23?
105
In base 15, what is 1a6 - -3?
1a9
In base 3, what is -1 - -11?
10
In base 8, what is -1026 - 2?
-1030
In base 16, what is 3 - -142?
145
In base 14, what is 0 + 3c?
3c
In base 6, what is 224 - -4?
232
In base 6, what is 113 - 221?
-104
In base 12, what is -11 + -1937?
-1948
In base 13, what is -213 + 1?
-212
In base 3, what is -20210 - -12?
-20121
In base 11, what is -17 - 7?
-23
In base 2, what is 10 + 10100110001?
10100110011
In base 3, what is 1220 + 200?
2120
In base 16, what is 9 - 25a?
-251
In base 14, what is -3 + -127?
-12a
In base 13, what is b + c?
1a
In base 12, what is 5 - -1405?
140a
In base 6, what is -2 - 104?
-110
In base 3, what is 11 - -22022?
22110
In base 11, what is 25 - 14?
11
In base 7, what is -253 - 13?
-266
In base 9, what is -2 + 488?
486
In base 5, what is -31 - 203?
-234
In base 8, what is -6 - 3?
-11
In base 7, what is -120 + 4?
-113
In base 8, what is -40 - 0?
-40
In base 15, what is 1 + 39a?
39b
In base 12, what is -1a + -b?
-29
In base 16, what is 451 + -3?
44e
In base 16, what is 546 - -4?
54a
In base 10, what is -4 - -4111?
4107
In base 16, what is 2a5d + 0?
2a5d
In base 4, what is 10 + 101?
111
In base 16, what is 0 + bfe?
bfe
In base 11, what is 2702 + 2?
2704
In base 15, what is 6 + 42?
48
In base 13, what is -709 + -1?
-70a
In base 2, what is 110 + -111000?
-110010
In base 13, what is 24 + -34?
-10
In base 12, what is -19 - -1a4?
187
In base 12, what is -66 + 0?
-66
In base 2, what is 1001110 - 110?
1001000
In base 15, what is -1 - 4?
-5
In base 9, what is -11 + -33?
-44
In base 12, what is a05 - 1?
a04
In base 7, what is 5 - 255?
-250
In base 4, what is 21122 + 11?
21133
In base 8, what is 1 + -21531?
-21530
In base 8, what is -1 +